{"id":25,"date":"2023-07-08T20:38:23","date_gmt":"2023-07-08T18:38:23","guid":{"rendered":"https:\/\/jeremynezet.com\/?page_id=25"},"modified":"2023-09-27T13:19:24","modified_gmt":"2023-09-27T11:19:24","slug":"a-propos","status":"publish","type":"page","link":"https:\/\/jeremynezet.com\/index.php\/a-propos\/","title":{"rendered":"\u00c0 propos"},"content":{"rendered":"\t\t<div data-elementor-type=\"wp-page\" data-elementor-id=\"25\" class=\"elementor elementor-25\">\n\t\t\t\t<div class=\"elementor-element elementor-element-bc17c04 e-flex e-con-boxed e-con e-parent\" data-id=\"bc17c04\" data-element_type=\"container\">\n\t\t\t\t\t<div class=\"e-con-inner\">\n\t\t<div class=\"elementor-element elementor-element-bd9ea62 e-con-full e-flex e-con e-child\" data-id=\"bd9ea62\" data-element_type=\"container\">\n\t\t\t\t<div class=\"elementor-element elementor-element-90d7cdd elementor-widget elementor-widget-text-editor\" data-id=\"90d7cdd\" data-element_type=\"widget\" data-widget_type=\"text-editor.default\">\n\t\t\t\t<div class=\"elementor-widget-container\">\n\t\t\t\t\t\t\t\t\t<p>Je suis n\u00e9 \u00e0 Thionville (Moselle) en mars 1984, mais j\u2019ai le c\u0153ur en Bretagne.<\/p><p>Tr\u00e8s jeune, je m\u2019int\u00e9resse \u00e0 tout ce qui touche au domaine cr\u00e9atif, notamment le dessin et la musique. Le plaisir d\u2019\u00e9crire me vient avec l\u2019apprentissage de la lecture. Je me souviens que j\u2019appr\u00e9ciais beaucoup les r\u00e9dactions \u00e0 l\u2019\u00e9cole si bien que l\u2019id\u00e9e d\u2019\u00e9crire un roman avait d\u00e9j\u00e0 germ\u00e9 dans mon esprit vers l\u2019\u00e2ge de 8 ou 9\u00a0ans. J\u2019avais tent\u00e9 d\u2019\u00e9crire sur un cahier d\u2019\u00e9cole, une br\u00e8ve histoire d\u2019une trentaine de pages, que je n\u2019ai, malheureusement, jamais termin\u00e9e.<\/p><p>Ai-je gard\u00e9 ce cahier\u2009? Non et je m\u2019en veux beaucoup encore aujourd\u2019hui.<\/p><p>Depuis, j\u2019ai grandi et, avec des soucis de sant\u00e9, la lecture et l\u2019\u00e9criture se sont \u00e9loign\u00e9es de moi. Longtemps, beaucoup trop longtemps, jusqu\u2019en 2015.<\/p><p>Cette ann\u00e9e-l\u00e0, je d\u00e9cide de lire des classiques. Je jette mon d\u00e9volu sur un roman de Jules Verne, <em>Voyage au centre de la Terre<\/em>. Cette lecture vient alors titiller \u00e0 nouveau ce vieux r\u00eave d\u2019\u00e9crire mes propres histoires.<\/p><p>Je navigue sur internet \u00e0 la recherche d\u2019informations sur la mani\u00e8re de s\u2019y prendre et arrive par hasard sur le forum d\u2019\u00e9crire un roman.<\/p><p>J\u2019y fais la rencontre virtuelle de nombreuses personnes qui d\u00e9sirent la m\u00eame chose que moi. J\u2019y trouve un soutien indispensable et r\u00e9ussi \u00e0 \u00e9crire une premi\u00e8re histoire gr\u00e2ce \u00e0 leurs pr\u00e9cieux conseils.<\/p><p>Depuis, je n\u2019ai plus arr\u00eat\u00e9 d\u2019\u00e9crire.<\/p><p>Je me suis li\u00e9 d\u2019amiti\u00e9 avec plusieurs membres, dont Chris Auguste, qui m\u2019a, un jour, propos\u00e9 d\u2019\u00e9crire ensemble ce qui deviendra <em>Le Sc\u00e9nographe<\/em>.<\/p><p>En 2020, les \u00e9ditions de la Caravelle proposent un appel \u00e0 textes sur le th\u00e8me des chats et de l\u2019espoir avec le projet de faire un recueil des textes s\u00e9lectionn\u00e9s. Le but \u00e9tait d\u2019offrir le b\u00e9n\u00e9fice des ventes \u00e0 une association qui vient en aide aux chats. Mon texte a donc \u00e9t\u00e9 retenu et la maison d\u2019\u00e9dition, qui a ferm\u00e9 ses portes depuis, a publi\u00e9 ma nouvelle <em>Smelly Cat<\/em>.<\/p><p>Un des membres fondateurs du forum, occup\u00e9 par de multiples activit\u00e9s, me propose d\u2019en reprendre la gestion. J\u2019accepte cette responsabilit\u00e9, ne voulant pas voir s\u2019\u00e9teindre ce lieu important d\u2019\u00e9change et d\u2019entraide entre auteurs.<\/p><p>Les projets se multiplient dans ma t\u00eate et pour les d\u00e9couvrir, je te laisse naviguer sur le site et notamment ici, afin de d\u00e9couvrir mes futures histoires.<\/p><p>Pour suivre mes activit\u00e9s en temps r\u00e9el, ou presque, je te conseille de venir me retrouver sur Instagram, qui est le r\u00e9seau social sur lequel je suis le plus actif.<\/p><p>Avec tous ces projets et les r\u00e9seaux sociaux \u00e0 faire vivre, tu te doutes bien que j\u2019ai du travail pour un petit moment, sans compter que l\u2019\u00e9criture n\u2019est pas mon activit\u00e9 principale. J\u2019exerce le m\u00e9tier d\u2019infirmier depuis 2008, mais l\u2019\u00e9criture reste pour moi une \u00e9chappatoire, un moyen de m\u2019\u00e9vader, devenu vital au fil de temps.<\/p>\t\t\t\t\t\t\t\t<\/div>\n\t\t\t\t<\/div>\n\t\t\t\t<\/div>\n\t\t<div class=\"elementor-element elementor-element-60f0374 e-con-full e-flex e-con e-child\" data-id=\"60f0374\" data-element_type=\"container\">\n\t\t\t\t<div class=\"elementor-element elementor-element-6f8dd69 elementor-widget elementor-widget-image\" data-id=\"6f8dd69\" data-element_type=\"widget\" data-widget_type=\"image.default\">\n\t\t\t\t<div class=\"elementor-widget-container\">\n\t\t\t\t\t\t\t\t\t\t\t\t\t\t\t<img fetchpriority=\"high\" decoding=\"async\" width=\"242\" height=\"300\" src=\"https:\/\/jeremynezet.com\/wp-content\/uploads\/2023\/07\/Jeremynezet-242x300.jpg\" class=\"attachment-medium size-medium wp-image-269\" alt=\"\" srcset=\"https:\/\/jeremynezet.com\/wp-content\/uploads\/2023\/07\/Jeremynezet-242x300.jpg 242w, https:\/\/jeremynezet.com\/wp-content\/uploads\/2023\/07\/Jeremynezet-825x1024.jpg 825w, https:\/\/jeremynezet.com\/wp-content\/uploads\/2023\/07\/Jeremynezet-768x954.jpg 768w, https:\/\/jeremynezet.com\/wp-content\/uploads\/2023\/07\/Jeremynezet-1237x1536.jpg 1237w, https:\/\/jeremynezet.com\/wp-content\/uploads\/2023\/07\/Jeremynezet-1649x2048.jpg 1649w\" sizes=\"(max-width: 242px) 100vw, 242px\" \/>\t\t\t\t\t\t\t\t\t\t\t\t\t\t\t<\/div>\n\t\t\t\t<\/div>\n\t\t\t\t<\/div>\n\t\t\t\t\t<\/div>\n\t\t\t\t<\/div>\n\t\t\t\t<\/div>\n\t\t","protected":false},"excerpt":{"rendered":"<p>Je suis n\u00e9 \u00e0 Thionville (Moselle) en mars 1984, mais j\u2019ai le c\u0153ur en Bretagne. Tr\u00e8s jeune, je m\u2019int\u00e9resse \u00e0 tout ce qui touche au domaine cr\u00e9atif, notamment le dessin et la musique. Le plaisir d\u2019\u00e9crire me vient avec l\u2019apprentissage de la lecture. Je me souviens que j\u2019appr\u00e9ciais beaucoup les r\u00e9dactions \u00e0 l\u2019\u00e9cole si bien [&hellip;]<\/p>\n","protected":false},"author":1,"featured_media":0,"parent":0,"menu_order":0,"comment_status":"closed","ping_status":"closed","template":"","meta":{"ocean_post_layout":"","ocean_both_sidebars_style":"","ocean_both_sidebars_content_width":0,"ocean_both_sidebars_sidebars_width":0,"ocean_sidebar":"0","ocean_second_sidebar":"0","ocean_disable_margins":"enable","ocean_add_body_class":"","ocean_shortcode_before_top_bar":"","ocean_shortcode_after_top_bar":"","ocean_shortcode_before_header":"","ocean_shortcode_after_header":"","ocean_has_shortcode":"","ocean_shortcode_after_title":"","ocean_shortcode_before_footer_widgets":"","ocean_shortcode_after_footer_widgets":"","ocean_shortcode_before_footer_bottom":"","ocean_shortcode_after_footer_bottom":"","ocean_display_top_bar":"default","ocean_display_header":"default","ocean_header_style":"","ocean_center_header_left_menu":"0","ocean_custom_header_template":"0","ocean_custom_logo":0,"ocean_custom_retina_logo":0,"ocean_custom_logo_max_width":0,"ocean_custom_logo_tablet_max_width":0,"ocean_custom_logo_mobile_max_width":0,"ocean_custom_logo_max_height":0,"ocean_custom_logo_tablet_max_height":0,"ocean_custom_logo_mobile_max_height":0,"ocean_header_custom_menu":"0","ocean_menu_typo_font_family":"0","ocean_menu_typo_font_subset":"","ocean_menu_typo_font_size":0,"ocean_menu_typo_font_size_tablet":0,"ocean_menu_typo_font_size_mobile":0,"ocean_menu_typo_font_size_unit":"px","ocean_menu_typo_font_weight":"","ocean_menu_typo_font_weight_tablet":"","ocean_menu_typo_font_weight_mobile":"","ocean_menu_typo_transform":"","ocean_menu_typo_transform_tablet":"","ocean_menu_typo_transform_mobile":"","ocean_menu_typo_line_height":0,"ocean_menu_typo_line_height_tablet":0,"ocean_menu_typo_line_height_mobile":0,"ocean_menu_typo_line_height_unit":"","ocean_menu_typo_spacing":0,"ocean_menu_typo_spacing_tablet":0,"ocean_menu_typo_spacing_mobile":0,"ocean_menu_typo_spacing_unit":"","ocean_menu_link_color":"","ocean_menu_link_color_hover":"","ocean_menu_link_color_active":"","ocean_menu_link_background":"","ocean_menu_link_hover_background":"","ocean_menu_link_active_background":"","ocean_menu_social_links_bg":"","ocean_menu_social_hover_links_bg":"","ocean_menu_social_links_color":"","ocean_menu_social_hover_links_color":"","ocean_disable_title":"on","ocean_disable_heading":"default","ocean_post_title":"","ocean_post_subheading":"","ocean_post_title_style":"","ocean_post_title_background_color":"","ocean_post_title_background":0,"ocean_post_title_bg_image_position":"","ocean_post_title_bg_image_attachment":"","ocean_post_title_bg_image_repeat":"","ocean_post_title_bg_image_size":"","ocean_post_title_height":0,"ocean_post_title_bg_overlay":0.5,"ocean_post_title_bg_overlay_color":"","ocean_disable_breadcrumbs":"default","ocean_breadcrumbs_color":"","ocean_breadcrumbs_separator_color":"","ocean_breadcrumbs_links_color":"","ocean_breadcrumbs_links_hover_color":"","ocean_display_footer_widgets":"default","ocean_display_footer_bottom":"default","ocean_custom_footer_template":"0","footnotes":""},"class_list":["post-25","page","type-page","status-publish","hentry","entry"],"yoast_head":"<!-- This site is optimized with the Yoast SEO plugin v24.5 - https:\/\/yoast.com\/wordpress\/plugins\/seo\/ -->\n<title>\u00c0 propos - J\u00e9r\u00e9my N\u00e9zet<\/title>\n<meta name=\"robots\" content=\"index, follow, max-snippet:-1, max-image-preview:large, max-video-preview:-1\" \/>\n<link rel=\"canonical\" href=\"https:\/\/jeremynezet.com\/index.php\/a-propos\/\" \/>\n<meta property=\"og:locale\" content=\"fr_FR\" \/>\n<meta property=\"og:type\" content=\"article\" \/>\n<meta property=\"og:title\" content=\"\u00c0 propos - J\u00e9r\u00e9my N\u00e9zet\" \/>\n<meta property=\"og:description\" content=\"Je suis n\u00e9 \u00e0 Thionville (Moselle) en mars 1984, mais j\u2019ai le c\u0153ur en Bretagne. Tr\u00e8s jeune, je m\u2019int\u00e9resse \u00e0 tout ce qui touche au domaine cr\u00e9atif, notamment le dessin et la musique. Le plaisir d\u2019\u00e9crire me vient avec l\u2019apprentissage de la lecture. Je me souviens que j\u2019appr\u00e9ciais beaucoup les r\u00e9dactions \u00e0 l\u2019\u00e9cole si bien [&hellip;]\" \/>\n<meta property=\"og:url\" content=\"https:\/\/jeremynezet.com\/index.php\/a-propos\/\" \/>\n<meta property=\"og:site_name\" content=\"J\u00e9r\u00e9my N\u00e9zet\" \/>\n<meta property=\"article:modified_time\" content=\"2023-09-27T11:19:24+00:00\" \/>\n<meta property=\"og:image\" content=\"http:\/\/jeremynezet.com\/wp-content\/uploads\/2023\/07\/Jeremynezet-242x300.jpg\" \/>\n<meta name=\"twitter:card\" content=\"summary_large_image\" \/>\n<meta name=\"twitter:label1\" content=\"Dur\u00e9e de lecture estim\u00e9e\" \/>\n\t<meta name=\"twitter:data1\" content=\"3 minutes\" \/>\n<script type=\"application\/ld+json\" class=\"yoast-schema-graph\">{\"@context\":\"https:\/\/schema.org\",\"@graph\":[{\"@type\":\"WebPage\",\"@id\":\"https:\/\/jeremynezet.com\/index.php\/a-propos\/\",\"url\":\"https:\/\/jeremynezet.com\/index.php\/a-propos\/\",\"name\":\"\u00c0 propos - J\u00e9r\u00e9my N\u00e9zet\",\"isPartOf\":{\"@id\":\"https:\/\/jeremynezet.com\/#website\"},\"primaryImageOfPage\":{\"@id\":\"https:\/\/jeremynezet.com\/index.php\/a-propos\/#primaryimage\"},\"image\":{\"@id\":\"https:\/\/jeremynezet.com\/index.php\/a-propos\/#primaryimage\"},\"thumbnailUrl\":\"http:\/\/jeremynezet.com\/wp-content\/uploads\/2023\/07\/Jeremynezet-242x300.jpg\",\"datePublished\":\"2023-07-08T18:38:23+00:00\",\"dateModified\":\"2023-09-27T11:19:24+00:00\",\"breadcrumb\":{\"@id\":\"https:\/\/jeremynezet.com\/index.php\/a-propos\/#breadcrumb\"},\"inLanguage\":\"fr-FR\",\"potentialAction\":[{\"@type\":\"ReadAction\",\"target\":[\"https:\/\/jeremynezet.com\/index.php\/a-propos\/\"]}]},{\"@type\":\"ImageObject\",\"inLanguage\":\"fr-FR\",\"@id\":\"https:\/\/jeremynezet.com\/index.php\/a-propos\/#primaryimage\",\"url\":\"http:\/\/jeremynezet.com\/wp-content\/uploads\/2023\/07\/Jeremynezet-242x300.jpg\",\"contentUrl\":\"http:\/\/jeremynezet.com\/wp-content\/uploads\/2023\/07\/Jeremynezet-242x300.jpg\"},{\"@type\":\"BreadcrumbList\",\"@id\":\"https:\/\/jeremynezet.com\/index.php\/a-propos\/#breadcrumb\",\"itemListElement\":[{\"@type\":\"ListItem\",\"position\":1,\"name\":\"Accueil\",\"item\":\"https:\/\/jeremynezet.com\/\"},{\"@type\":\"ListItem\",\"position\":2,\"name\":\"\u00c0 propos\"}]},{\"@type\":\"WebSite\",\"@id\":\"https:\/\/jeremynezet.com\/#website\",\"url\":\"https:\/\/jeremynezet.com\/\",\"name\":\"J\u00e9r\u00e9my N\u00e9zet\",\"description\":\"\",\"publisher\":{\"@id\":\"https:\/\/jeremynezet.com\/#organization\"},\"potentialAction\":[{\"@type\":\"SearchAction\",\"target\":{\"@type\":\"EntryPoint\",\"urlTemplate\":\"https:\/\/jeremynezet.com\/?s={search_term_string}\"},\"query-input\":{\"@type\":\"PropertyValueSpecification\",\"valueRequired\":true,\"valueName\":\"search_term_string\"}}],\"inLanguage\":\"fr-FR\"},{\"@type\":\"Organization\",\"@id\":\"https:\/\/jeremynezet.com\/#organization\",\"name\":\"J\u00e9r\u00e9my N\u00e9zet\",\"url\":\"https:\/\/jeremynezet.com\/\",\"logo\":{\"@type\":\"ImageObject\",\"inLanguage\":\"fr-FR\",\"@id\":\"https:\/\/jeremynezet.com\/#\/schema\/logo\/image\/\",\"url\":\"https:\/\/jeremynezet.com\/wp-content\/uploads\/2023\/07\/cropped-Logo_JN_01-blanc-transparent-1.png\",\"contentUrl\":\"https:\/\/jeremynezet.com\/wp-content\/uploads\/2023\/07\/cropped-Logo_JN_01-blanc-transparent-1.png\",\"width\":500,\"height\":167,\"caption\":\"J\u00e9r\u00e9my N\u00e9zet\"},\"image\":{\"@id\":\"https:\/\/jeremynezet.com\/#\/schema\/logo\/image\/\"}}]}<\/script>\n<!-- \/ Yoast SEO plugin. -->","yoast_head_json":{"title":"\u00c0 propos - J\u00e9r\u00e9my N\u00e9zet","robots":{"index":"index","follow":"follow","max-snippet":"max-snippet:-1","max-image-preview":"max-image-preview:large","max-video-preview":"max-video-preview:-1"},"canonical":"https:\/\/jeremynezet.com\/index.php\/a-propos\/","og_locale":"fr_FR","og_type":"article","og_title":"\u00c0 propos - J\u00e9r\u00e9my N\u00e9zet","og_description":"Je suis n\u00e9 \u00e0 Thionville (Moselle) en mars 1984, mais j\u2019ai le c\u0153ur en Bretagne. Tr\u00e8s jeune, je m\u2019int\u00e9resse \u00e0 tout ce qui touche au domaine cr\u00e9atif, notamment le dessin et la musique. Le plaisir d\u2019\u00e9crire me vient avec l\u2019apprentissage de la lecture. Je me souviens que j\u2019appr\u00e9ciais beaucoup les r\u00e9dactions \u00e0 l\u2019\u00e9cole si bien [&hellip;]","og_url":"https:\/\/jeremynezet.com\/index.php\/a-propos\/","og_site_name":"J\u00e9r\u00e9my N\u00e9zet","article_modified_time":"2023-09-27T11:19:24+00:00","og_image":[{"url":"http:\/\/jeremynezet.com\/wp-content\/uploads\/2023\/07\/Jeremynezet-242x300.jpg","type":"","width":"","height":""}],"twitter_card":"summary_large_image","twitter_misc":{"Dur\u00e9e de lecture estim\u00e9e":"3 minutes"},"schema":{"@context":"https:\/\/schema.org","@graph":[{"@type":"WebPage","@id":"https:\/\/jeremynezet.com\/index.php\/a-propos\/","url":"https:\/\/jeremynezet.com\/index.php\/a-propos\/","name":"\u00c0 propos - J\u00e9r\u00e9my N\u00e9zet","isPartOf":{"@id":"https:\/\/jeremynezet.com\/#website"},"primaryImageOfPage":{"@id":"https:\/\/jeremynezet.com\/index.php\/a-propos\/#primaryimage"},"image":{"@id":"https:\/\/jeremynezet.com\/index.php\/a-propos\/#primaryimage"},"thumbnailUrl":"http:\/\/jeremynezet.com\/wp-content\/uploads\/2023\/07\/Jeremynezet-242x300.jpg","datePublished":"2023-07-08T18:38:23+00:00","dateModified":"2023-09-27T11:19:24+00:00","breadcrumb":{"@id":"https:\/\/jeremynezet.com\/index.php\/a-propos\/#breadcrumb"},"inLanguage":"fr-FR","potentialAction":[{"@type":"ReadAction","target":["https:\/\/jeremynezet.com\/index.php\/a-propos\/"]}]},{"@type":"ImageObject","inLanguage":"fr-FR","@id":"https:\/\/jeremynezet.com\/index.php\/a-propos\/#primaryimage","url":"http:\/\/jeremynezet.com\/wp-content\/uploads\/2023\/07\/Jeremynezet-242x300.jpg","contentUrl":"http:\/\/jeremynezet.com\/wp-content\/uploads\/2023\/07\/Jeremynezet-242x300.jpg"},{"@type":"BreadcrumbList","@id":"https:\/\/jeremynezet.com\/index.php\/a-propos\/#breadcrumb","itemListElement":[{"@type":"ListItem","position":1,"name":"Accueil","item":"https:\/\/jeremynezet.com\/"},{"@type":"ListItem","position":2,"name":"\u00c0 propos"}]},{"@type":"WebSite","@id":"https:\/\/jeremynezet.com\/#website","url":"https:\/\/jeremynezet.com\/","name":"J\u00e9r\u00e9my N\u00e9zet","description":"","publisher":{"@id":"https:\/\/jeremynezet.com\/#organization"},"potentialAction":[{"@type":"SearchAction","target":{"@type":"EntryPoint","urlTemplate":"https:\/\/jeremynezet.com\/?s={search_term_string}"},"query-input":{"@type":"PropertyValueSpecification","valueRequired":true,"valueName":"search_term_string"}}],"inLanguage":"fr-FR"},{"@type":"Organization","@id":"https:\/\/jeremynezet.com\/#organization","name":"J\u00e9r\u00e9my N\u00e9zet","url":"https:\/\/jeremynezet.com\/","logo":{"@type":"ImageObject","inLanguage":"fr-FR","@id":"https:\/\/jeremynezet.com\/#\/schema\/logo\/image\/","url":"https:\/\/jeremynezet.com\/wp-content\/uploads\/2023\/07\/cropped-Logo_JN_01-blanc-transparent-1.png","contentUrl":"https:\/\/jeremynezet.com\/wp-content\/uploads\/2023\/07\/cropped-Logo_JN_01-blanc-transparent-1.png","width":500,"height":167,"caption":"J\u00e9r\u00e9my N\u00e9zet"},"image":{"@id":"https:\/\/jeremynezet.com\/#\/schema\/logo\/image\/"}}]}},"_links":{"self":[{"href":"https:\/\/jeremynezet.com\/index.php\/wp-json\/wp\/v2\/pages\/25","targetHints":{"allow":["GET"]}}],"collection":[{"href":"https:\/\/jeremynezet.com\/index.php\/wp-json\/wp\/v2\/pages"}],"about":[{"href":"https:\/\/jeremynezet.com\/index.php\/wp-json\/wp\/v2\/types\/page"}],"author":[{"embeddable":true,"href":"https:\/\/jeremynezet.com\/index.php\/wp-json\/wp\/v2\/users\/1"}],"replies":[{"embeddable":true,"href":"https:\/\/jeremynezet.com\/index.php\/wp-json\/wp\/v2\/comments?post=25"}],"version-history":[{"count":24,"href":"https:\/\/jeremynezet.com\/index.php\/wp-json\/wp\/v2\/pages\/25\/revisions"}],"predecessor-version":[{"id":406,"href":"https:\/\/jeremynezet.com\/index.php\/wp-json\/wp\/v2\/pages\/25\/revisions\/406"}],"wp:attachment":[{"href":"https:\/\/jeremynezet.com\/index.php\/wp-json\/wp\/v2\/media?parent=25"}],"curies":[{"name":"wp","href":"https:\/\/api.w.org\/{rel}","templated":true}]}}